{"id":303,"date":"2023-03-26T16:25:42","date_gmt":"2023-03-26T16:25:42","guid":{"rendered":"https:\/\/www.pirotecniadasbeiras.pt\/portal01\/?page_id=303"},"modified":"2023-05-31T14:21:16","modified_gmt":"2023-05-31T14:21:16","slug":"politica-de-seguranca","status":"publish","type":"page","link":"https:\/\/www.pirotecniadasbeiras.pt\/portal\/politica-de-seguranca\/","title":{"rendered":"Pol\u00edtica de Seguran\u00e7a"},"content":{"rendered":"\n    \n    <section class=\"u-clearfix u-section-2\" id=\"carousel_2d7d\">\n      <div class=\"u-clearfix u-sheet u-sheet-1\">\n        <div class=\"u-container-style u-expanded-width u-group u-opacity u-opacity-90 u-palette-3-light-3 u-radius-20 u-shape-round u-group-1\">\n          <div class=\"u-container-layout u-container-layout-1\">\n            <h3 class=\"u-text u-text-palette-3-base u-text-1\"> POL\u00cdTICA DE SEGURAN\u00c7A<\/h3>\n            <p class=\"u-text u-text-2\"> Um dos objetivos da Pirotecnia das Beiras consiste em desenvolver uma atividade que prima pela Seguran\u00e7a e Qualidade, quer no espa\u00e7o de fabrico\/armazenagem quer no transporte e nos espet\u00e1culos que apresenta, assumindo um compromisso de melhoria cont\u00ednua da sua atua\u00e7\u00e3o no que respeita \u00e0 satisfa\u00e7\u00e3o dos requisitos contratuais com o cliente, focalizando-se na preven\u00e7\u00e3o e minimiza\u00e7\u00e3o dos riscos centradas no cumprimento dos requisitos de Seguran\u00e7a, Sa\u00fade e Higiene, salvaguardando os requisitos ambientais aplic\u00e1veis.<br>\n              <br>A Seguran\u00e7a \u00e9, por conseguinte, um pilar fundamental ao qual \u00e9 dada a m\u00e1xima aten\u00e7\u00e3o. A Pirotecnia das Beiras procura, assim, que todos os intervenientes que produzem, manuseiam e realizam o lan\u00e7amento de artigos pirot\u00e9cnicos, bem como os espetadores dos espet\u00e1culos, se sintam em seguran\u00e7a e que acima de tudo estejam realmente em seguran\u00e7a.<br>\n              <br>As preocupa\u00e7\u00f5es e prioridades constantes da Pirotecnia das Beiras s\u00e3o a promo\u00e7\u00e3o da Seguran\u00e7a e Sa\u00fade como atitude e vontades integrantes da atividade pirot\u00e9cnica e o cumprimento das exig\u00eancias legais e normas t\u00e9cnicas que regem o setor. Nesse sentido, a sensibiliza\u00e7\u00e3o e envolvimento de todos os seus trabalhadores, atrav\u00e9s de um conjunto de regras e medidas t\u00e9cnicas de preven\u00e7\u00e3o e corre\u00e7\u00e3o, e o aperfei\u00e7oamento t\u00e9cnico-profissional permanente tornam-se fundamentais para produzir produtos seguros e servi\u00e7os inovadores resultantes de t\u00e9cnicas e processos atualizados. Essas medidas incidem, essencialmente, na aplica\u00e7\u00e3o constante e conscienciosa das regras b\u00e1sicas de seguran\u00e7a, no desenvolvimento de a\u00e7\u00f5es de forma\u00e7\u00e3o que visam colmatar as necessidades de forma\u00e7\u00e3o detetadas no cumprimento do Plano de Emerg\u00eancia Interno e do Plano de Seguran\u00e7a.<br>\n              <br>No que respeita ao que acontece fora das suas instala\u00e7\u00f5es, nomeadamente o transporte de artigos e a realiza\u00e7\u00e3o de espet\u00e1culos, a Pirotecnia das Beiras aposta numa forte componente de seguran\u00e7a. No transporte de artigos, cumprindo rigorosamente um conjunto de normas e procedimentos desenvolvidos internamente e concordantes com a legisla\u00e7\u00e3o aplic\u00e1vel. Na realiza\u00e7\u00e3o dos espet\u00e1culos, atrav\u00e9s de um planeamento cuidadoso, desde a conce\u00e7\u00e3o, passando pela montagem e disparo dos artigos pirot\u00e9cnicos at\u00e9 \u00e0 limpeza do local de montagem no final, adotando medidas e a\u00e7\u00f5es que zelam pela seguran\u00e7a do p\u00fablico e dos recursos florestais e tendo em considera\u00e7\u00e3o aspetos tais como o tipo de evento\/ espet\u00e1culo, os artigos pirot\u00e9cnicos a serem utilizados, a escolha do local do lan\u00e7amento, a sinaliza\u00e7\u00e3o do per\u00edmetro de seguran\u00e7a, a inspe\u00e7\u00e3o e limpeza dos locais ap\u00f3s o lan\u00e7amento.<br>\n              <br>A Pirotecnia das Beiras procura tamb\u00e9m consolidar e inovar a sua imagem no mercado e agregar valor aos seus produtos e servi\u00e7os, por meio da fideliza\u00e7\u00e3o e satisfa\u00e7\u00e3o dos seus clientes, colaboradores, revendedores, fornecedores e demais partes interessadas, assumindo um compromisso com a melhoria cont\u00ednua e integrada dos seus processos e com o cumprimento dos requisitos aplic\u00e1veis ao seu Sistema de Gest\u00e3o.\n            <\/p>\n            <img decoding=\"async\" class=\"u-image u-image-default u-image-1\" src=\"https:\/\/www.pirotecniadasbeiras.pt\/portal\/wp-content\/uploads\/2023\/03\/DSC02598.jpg\" alt=\"\" data-image-width=\"400\" data-image-height=\"300\">\n            <img decoding=\"async\" class=\"u-image u-image-default u-image-2\" src=\"https:\/\/www.pirotecniadasbeiras.pt\/portal\/wp-content\/uploads\/2023\/03\/DSC02591.jpg\" alt=\"\" data-image-width=\"400\" data-image-height=\"300\">\n            <img decoding=\"async\" class=\"u-image u-image-default u-image-3\" src=\"https:\/\/www.pirotecniadasbeiras.pt\/portal\/wp-content\/uploads\/2023\/03\/DSC02592.jpg\" alt=\"\" data-image-width=\"400\" data-image-height=\"300\">\n          <\/div>\n        <\/div>\n      <\/div>\n    <\/section>\n    \n    \n  \n","protected":false},"excerpt":{"rendered":"<p>POL\u00cdTICA DE SEGURAN\u00c7A Um dos objetivos da Pirotecnia das Beiras consiste em desenvolver uma atividade que prima pela Seguran\u00e7a e Qualidade, quer no espa\u00e7o de fabrico\/armazenagem quer no transporte e nos espet\u00e1culos que apresenta, assumindo um compromisso de melhoria cont\u00ednua da sua atua\u00e7\u00e3o no que respeita \u00e0 satisfa\u00e7\u00e3o dos requisitos contratuais com o cliente, focalizando-se &hellip; <a href=\"https:\/\/www.pirotecniadasbeiras.pt\/portal\/politica-de-seguranca\/\" class=\"more-link\">Continue reading<span class=\"screen-reader-text\"> &#8220;Pol\u00edtica de Seguran\u00e7a&#8221;<\/span><\/a><\/p>\n","protected":false},"author":2,"featured_media":0,"parent":0,"menu_order":0,"comment_status":"closed","ping_status":"closed","template":"","meta":{"footnotes":""},"class_list":["post-303","page","type-page","status-publish","hentry"],"yoast_head":"<!-- This site is optimized with the Yoast SEO plugin v27.3 - https:\/\/yoast.com\/product\/yoast-seo-wordpress\/ -->\n<title>Pol\u00edtica de Seguran\u00e7a - Pirotecnia das Beiras<\/title>\n<meta name=\"robots\" content=\"index, follow, max-snippet:-1, max-image-preview:large, max-video-preview:-1\" \/>\n<link rel=\"canonical\" href=\"https:\/\/www.pirotecniadasbeiras.pt\/portal\/politica-de-seguranca\/\" \/>\n<meta property=\"og:locale\" content=\"pt_PT\" \/>\n<meta property=\"og:type\" content=\"article\" \/>\n<meta property=\"og:title\" content=\"Pol\u00edtica de Seguran\u00e7a - Pirotecnia das Beiras\" \/>\n<meta property=\"og:description\" content=\"POL\u00cdTICA DE SEGURAN\u00c7A Um dos objetivos da Pirotecnia das Beiras consiste em desenvolver uma atividade que prima pela Seguran\u00e7a e Qualidade, quer no espa\u00e7o de fabrico\/armazenagem quer no transporte e nos espet\u00e1culos que apresenta, assumindo um compromisso de melhoria cont\u00ednua da sua atua\u00e7\u00e3o no que respeita \u00e0 satisfa\u00e7\u00e3o dos requisitos contratuais com o cliente, focalizando-se &hellip; Continue reading &quot;Pol\u00edtica de Seguran\u00e7a&quot;\" \/>\n<meta property=\"og:url\" content=\"https:\/\/www.pirotecniadasbeiras.pt\/portal\/politica-de-seguranca\/\" \/>\n<meta property=\"og:site_name\" content=\"Pirotecnia das Beiras\" \/>\n<meta property=\"article:publisher\" content=\"https:\/\/www.facebook.com\/pirotecniadasbeiras.pt\" \/>\n<meta property=\"article:modified_time\" content=\"2023-05-31T14:21:16+00:00\" \/>\n<meta name=\"twitter:card\" content=\"summary_large_image\" \/>\n<meta name=\"twitter:label1\" content=\"Tempo estimado de leitura\" \/>\n\t<meta name=\"twitter:data1\" content=\"3 minutos\" \/>\n<script type=\"application\/ld+json\" class=\"yoast-schema-graph\">{\"@context\":\"https:\\\/\\\/schema.org\",\"@graph\":[{\"@type\":\"WebPage\",\"@id\":\"https:\\\/\\\/www.pirotecniadasbeiras.pt\\\/portal\\\/politica-de-seguranca\\\/\",\"url\":\"https:\\\/\\\/www.pirotecniadasbeiras.pt\\\/portal\\\/politica-de-seguranca\\\/\",\"name\":\"Pol\u00edtica de Seguran\u00e7a - Pirotecnia das Beiras\",\"isPartOf\":{\"@id\":\"https:\\\/\\\/www.pirotecniadasbeiras.pt\\\/portal\\\/#website\"},\"datePublished\":\"2023-03-26T16:25:42+00:00\",\"dateModified\":\"2023-05-31T14:21:16+00:00\",\"breadcrumb\":{\"@id\":\"https:\\\/\\\/www.pirotecniadasbeiras.pt\\\/portal\\\/politica-de-seguranca\\\/#breadcrumb\"},\"inLanguage\":\"pt-PT\",\"potentialAction\":[{\"@type\":\"ReadAction\",\"target\":[\"https:\\\/\\\/www.pirotecniadasbeiras.pt\\\/portal\\\/politica-de-seguranca\\\/\"]}]},{\"@type\":\"BreadcrumbList\",\"@id\":\"https:\\\/\\\/www.pirotecniadasbeiras.pt\\\/portal\\\/politica-de-seguranca\\\/#breadcrumb\",\"itemListElement\":[{\"@type\":\"ListItem\",\"position\":1,\"name\":\"In\u00edcio\",\"item\":\"https:\\\/\\\/www.pirotecniadasbeiras.pt\\\/portal\\\/\"},{\"@type\":\"ListItem\",\"position\":2,\"name\":\"Pol\u00edtica de Seguran\u00e7a\"}]},{\"@type\":\"WebSite\",\"@id\":\"https:\\\/\\\/www.pirotecniadasbeiras.pt\\\/portal\\\/#website\",\"url\":\"https:\\\/\\\/www.pirotecniadasbeiras.pt\\\/portal\\\/\",\"name\":\"Pirotecnia das Beiras\",\"description\":\"\",\"publisher\":{\"@id\":\"https:\\\/\\\/www.pirotecniadasbeiras.pt\\\/portal\\\/#organization\"},\"potentialAction\":[{\"@type\":\"SearchAction\",\"target\":{\"@type\":\"EntryPoint\",\"urlTemplate\":\"https:\\\/\\\/www.pirotecniadasbeiras.pt\\\/portal\\\/?s={search_term_string}\"},\"query-input\":{\"@type\":\"PropertyValueSpecification\",\"valueRequired\":true,\"valueName\":\"search_term_string\"}}],\"inLanguage\":\"pt-PT\"},{\"@type\":\"Organization\",\"@id\":\"https:\\\/\\\/www.pirotecniadasbeiras.pt\\\/portal\\\/#organization\",\"name\":\"Pirotecnia das Beiras\",\"url\":\"https:\\\/\\\/www.pirotecniadasbeiras.pt\\\/portal\\\/\",\"logo\":{\"@type\":\"ImageObject\",\"inLanguage\":\"pt-PT\",\"@id\":\"https:\\\/\\\/www.pirotecniadasbeiras.pt\\\/portal\\\/#\\\/schema\\\/logo\\\/image\\\/\",\"url\":\"https:\\\/\\\/www.pirotecniadasbeiras.pt\\\/portal\\\/wp-content\\\/uploads\\\/2023\\\/03\\\/logo_pirotecnia-1.png\",\"contentUrl\":\"https:\\\/\\\/www.pirotecniadasbeiras.pt\\\/portal\\\/wp-content\\\/uploads\\\/2023\\\/03\\\/logo_pirotecnia-1.png\",\"width\":284,\"height\":169,\"caption\":\"Pirotecnia das Beiras\"},\"image\":{\"@id\":\"https:\\\/\\\/www.pirotecniadasbeiras.pt\\\/portal\\\/#\\\/schema\\\/logo\\\/image\\\/\"},\"sameAs\":[\"https:\\\/\\\/www.facebook.com\\\/pirotecniadasbeiras.pt\"]}]}<\/script>\n<!-- \/ Yoast SEO plugin. -->","yoast_head_json":{"title":"Pol\u00edtica de Seguran\u00e7a - Pirotecnia das Beiras","robots":{"index":"index","follow":"follow","max-snippet":"max-snippet:-1","max-image-preview":"max-image-preview:large","max-video-preview":"max-video-preview:-1"},"canonical":"https:\/\/www.pirotecniadasbeiras.pt\/portal\/politica-de-seguranca\/","og_locale":"pt_PT","og_type":"article","og_title":"Pol\u00edtica de Seguran\u00e7a - Pirotecnia das Beiras","og_description":"POL\u00cdTICA DE SEGURAN\u00c7A Um dos objetivos da Pirotecnia das Beiras consiste em desenvolver uma atividade que prima pela Seguran\u00e7a e Qualidade, quer no espa\u00e7o de fabrico\/armazenagem quer no transporte e nos espet\u00e1culos que apresenta, assumindo um compromisso de melhoria cont\u00ednua da sua atua\u00e7\u00e3o no que respeita \u00e0 satisfa\u00e7\u00e3o dos requisitos contratuais com o cliente, focalizando-se &hellip; Continue reading \"Pol\u00edtica de Seguran\u00e7a\"","og_url":"https:\/\/www.pirotecniadasbeiras.pt\/portal\/politica-de-seguranca\/","og_site_name":"Pirotecnia das Beiras","article_publisher":"https:\/\/www.facebook.com\/pirotecniadasbeiras.pt","article_modified_time":"2023-05-31T14:21:16+00:00","twitter_card":"summary_large_image","twitter_misc":{"Tempo estimado de leitura":"3 minutos"},"schema":{"@context":"https:\/\/schema.org","@graph":[{"@type":"WebPage","@id":"https:\/\/www.pirotecniadasbeiras.pt\/portal\/politica-de-seguranca\/","url":"https:\/\/www.pirotecniadasbeiras.pt\/portal\/politica-de-seguranca\/","name":"Pol\u00edtica de Seguran\u00e7a - Pirotecnia das Beiras","isPartOf":{"@id":"https:\/\/www.pirotecniadasbeiras.pt\/portal\/#website"},"datePublished":"2023-03-26T16:25:42+00:00","dateModified":"2023-05-31T14:21:16+00:00","breadcrumb":{"@id":"https:\/\/www.pirotecniadasbeiras.pt\/portal\/politica-de-seguranca\/#breadcrumb"},"inLanguage":"pt-PT","potentialAction":[{"@type":"ReadAction","target":["https:\/\/www.pirotecniadasbeiras.pt\/portal\/politica-de-seguranca\/"]}]},{"@type":"BreadcrumbList","@id":"https:\/\/www.pirotecniadasbeiras.pt\/portal\/politica-de-seguranca\/#breadcrumb","itemListElement":[{"@type":"ListItem","position":1,"name":"In\u00edcio","item":"https:\/\/www.pirotecniadasbeiras.pt\/portal\/"},{"@type":"ListItem","position":2,"name":"Pol\u00edtica de Seguran\u00e7a"}]},{"@type":"WebSite","@id":"https:\/\/www.pirotecniadasbeiras.pt\/portal\/#website","url":"https:\/\/www.pirotecniadasbeiras.pt\/portal\/","name":"Pirotecnia das Beiras","description":"","publisher":{"@id":"https:\/\/www.pirotecniadasbeiras.pt\/portal\/#organization"},"potentialAction":[{"@type":"SearchAction","target":{"@type":"EntryPoint","urlTemplate":"https:\/\/www.pirotecniadasbeiras.pt\/portal\/?s={search_term_string}"},"query-input":{"@type":"PropertyValueSpecification","valueRequired":true,"valueName":"search_term_string"}}],"inLanguage":"pt-PT"},{"@type":"Organization","@id":"https:\/\/www.pirotecniadasbeiras.pt\/portal\/#organization","name":"Pirotecnia das Beiras","url":"https:\/\/www.pirotecniadasbeiras.pt\/portal\/","logo":{"@type":"ImageObject","inLanguage":"pt-PT","@id":"https:\/\/www.pirotecniadasbeiras.pt\/portal\/#\/schema\/logo\/image\/","url":"https:\/\/www.pirotecniadasbeiras.pt\/portal\/wp-content\/uploads\/2023\/03\/logo_pirotecnia-1.png","contentUrl":"https:\/\/www.pirotecniadasbeiras.pt\/portal\/wp-content\/uploads\/2023\/03\/logo_pirotecnia-1.png","width":284,"height":169,"caption":"Pirotecnia das Beiras"},"image":{"@id":"https:\/\/www.pirotecniadasbeiras.pt\/portal\/#\/schema\/logo\/image\/"},"sameAs":["https:\/\/www.facebook.com\/pirotecniadasbeiras.pt"]}]}},"_links":{"self":[{"href":"https:\/\/www.pirotecniadasbeiras.pt\/portal\/wp-json\/wp\/v2\/pages\/303","targetHints":{"allow":["GET"]}}],"collection":[{"href":"https:\/\/www.pirotecniadasbeiras.pt\/portal\/wp-json\/wp\/v2\/pages"}],"about":[{"href":"https:\/\/www.pirotecniadasbeiras.pt\/portal\/wp-json\/wp\/v2\/types\/page"}],"author":[{"embeddable":true,"href":"https:\/\/www.pirotecniadasbeiras.pt\/portal\/wp-json\/wp\/v2\/users\/2"}],"replies":[{"embeddable":true,"href":"https:\/\/www.pirotecniadasbeiras.pt\/portal\/wp-json\/wp\/v2\/comments?post=303"}],"version-history":[{"count":5,"href":"https:\/\/www.pirotecniadasbeiras.pt\/portal\/wp-json\/wp\/v2\/pages\/303\/revisions"}],"predecessor-version":[{"id":910,"href":"https:\/\/www.pirotecniadasbeiras.pt\/portal\/wp-json\/wp\/v2\/pages\/303\/revisions\/910"}],"wp:attachment":[{"href":"https:\/\/www.pirotecniadasbeiras.pt\/portal\/wp-json\/wp\/v2\/media?parent=303"}],"curies":[{"name":"wp","href":"https:\/\/api.w.org\/{rel}","templated":true}]}}