{"id":379,"date":"2023-03-28T21:24:23","date_gmt":"2023-03-28T21:24:23","guid":{"rendered":"https:\/\/www.pirotecniadasbeiras.pt\/portal01\/?page_id=379"},"modified":"2023-05-31T13:49:14","modified_gmt":"2023-05-31T13:49:14","slug":"diurno","status":"publish","type":"page","link":"https:\/\/www.pirotecniadasbeiras.pt\/portal\/diurno\/","title":{"rendered":"Diurno"},"content":{"rendered":"\n    \n    <section class=\"u-clearfix u-section-2\" id=\"carousel_2d7d\">\n      <div class=\"u-clearfix u-sheet u-sheet-1\">\n        <div class=\"u-container-style u-expanded-width u-group u-opacity u-opacity-90 u-palette-3-light-3 u-radius-20 u-shape-round u-group-1\">\n          <div class=\"u-container-layout u-container-layout-1\">\n            <h3 class=\"u-text u-text-palette-3-base u-text-1\"> DIURNO<\/h3>\n            <p class=\"u-text u-text-2\"> Este tipo de espet\u00e1culo \u00e9 utilizado nas tradicionais Romarias. Os artigos pirot\u00e9cnicos utilizados neste tipo de espet\u00e1culos, como sejam os tradicionais foguetes ou as balonas de tiros, s\u00e3o de fabrico pr\u00f3prio e assentam essencialmente na sonoriza\u00e7\u00e3o de alvoradas, descargas e acompanhamentos de Prociss\u00e3o.<\/p>\n            <div class=\"u-video u-video-contain u-video-1\">\n              <div class=\"embed-responsive embed-responsive-1\">\n                <iframe style=\"position: absolute;top: 0;left: 0;width: 100%;height: 100%;\" class=\"embed-responsive-item\" src=\"https:\/\/www.youtube-nocookie.com\/embed\/cmR0NsYPA7I?mute=0&amp;showinfo=0&amp;controls=0&amp;start=0\" frameborder=\"0\" allowfullscreen=\"\"><\/iframe>\n              <\/div>\n            <\/div>\n            <h3 class=\"u-text u-text-palette-3-base u-text-3\">V\u00eddeos<\/h3>\n            <div class=\"u-video u-video-contain u-video-2\">\n              <div class=\"embed-responsive embed-responsive-2\">\n                <iframe style=\"position: absolute;top: 0;left: 0;width: 100%;height: 100%;\" class=\"embed-responsive-item\" src=\"https:\/\/www.youtube-nocookie.com\/embed\/TmzBSBb-DCY?mute=0&amp;showinfo=0&amp;controls=0&amp;start=0\" frameborder=\"0\" allowfullscreen=\"\"><\/iframe>\n              <\/div>\n            <\/div>\n            <p class=\"u-text u-text-4\"> Espet\u00e1culo multim\u00e9dia.<br>\n            <\/p>\n            <div class=\"u-video u-video-contain u-video-3\">\n              <div class=\"embed-responsive embed-responsive-3\">\n                <iframe style=\"position: absolute;top: 0;left: 0;width: 100%;height: 100%;\" class=\"embed-responsive-item\" src=\"https:\/\/www.youtube-nocookie.com\/embed\/xU7bsfwAASw?mute=0&amp;showinfo=0&amp;controls=0&amp;start=0\" frameborder=\"0\" allowfullscreen=\"\"><\/iframe>\n              <\/div>\n            <\/div>\n            <p class=\"u-text u-text-5\"> Quadro Pirot\u00e9cnico com utiliza\u00e7\u00e3o de artigos pirot\u00e9cnicos de rasto e vulc\u00f5es.<br>\n              <a target=\"_blank\" class=\"icon_facebook u-active-none u-border-none u-btn u-button-style u-hover-none u-none u-text-palette-1-base u-btn-1\" title=\"Facebook\" href=\"https:\/\/www.facebook.com\/Pirotecnia-das-Beiras-Fogos-de-Artif%C3%ADcio-Lda-164480013601704\/?fref=ts\"><i><\/i>\n              <\/a>\n            <\/p>\n          <\/div>\n        <\/div>\n      <\/div>\n    <\/section>\n    \n    \n  \n","protected":false},"excerpt":{"rendered":"<p>DIURNO Este tipo de espet\u00e1culo \u00e9 utilizado nas tradicionais Romarias. Os artigos pirot\u00e9cnicos utilizados neste tipo de espet\u00e1culos, como sejam os tradicionais foguetes ou as balonas de tiros, s\u00e3o de fabrico pr\u00f3prio e assentam essencialmente na sonoriza\u00e7\u00e3o de alvoradas, descargas e acompanhamentos de Prociss\u00e3o. V\u00eddeos Espet\u00e1culo multim\u00e9dia. Quadro Pirot\u00e9cnico com utiliza\u00e7\u00e3o de artigos pirot\u00e9cnicos de &hellip; <a href=\"https:\/\/www.pirotecniadasbeiras.pt\/portal\/diurno\/\" class=\"more-link\">Continue reading<span class=\"screen-reader-text\"> &#8220;Diurno&#8221;<\/span><\/a><\/p>\n","protected":false},"author":2,"featured_media":0,"parent":0,"menu_order":0,"comment_status":"closed","ping_status":"closed","template":"","meta":{"footnotes":""},"class_list":["post-379","page","type-page","status-publish","hentry"],"yoast_head":"<!-- This site is optimized with the Yoast SEO plugin v27.4 - https:\/\/yoast.com\/product\/yoast-seo-wordpress\/ -->\n<title>Diurno - Pirotecnia das Beiras<\/title>\n<meta name=\"robots\" content=\"index, follow, max-snippet:-1, max-image-preview:large, max-video-preview:-1\" \/>\n<link rel=\"canonical\" href=\"https:\/\/www.pirotecniadasbeiras.pt\/portal\/diurno\/\" \/>\n<meta property=\"og:locale\" content=\"pt_PT\" \/>\n<meta property=\"og:type\" content=\"article\" \/>\n<meta property=\"og:title\" content=\"Diurno - Pirotecnia das Beiras\" \/>\n<meta property=\"og:description\" content=\"DIURNO Este tipo de espet\u00e1culo \u00e9 utilizado nas tradicionais Romarias. Os artigos pirot\u00e9cnicos utilizados neste tipo de espet\u00e1culos, como sejam os tradicionais foguetes ou as balonas de tiros, s\u00e3o de fabrico pr\u00f3prio e assentam essencialmente na sonoriza\u00e7\u00e3o de alvoradas, descargas e acompanhamentos de Prociss\u00e3o. V\u00eddeos Espet\u00e1culo multim\u00e9dia. Quadro Pirot\u00e9cnico com utiliza\u00e7\u00e3o de artigos pirot\u00e9cnicos de &hellip; Continue reading &quot;Diurno&quot;\" \/>\n<meta property=\"og:url\" content=\"https:\/\/www.pirotecniadasbeiras.pt\/portal\/diurno\/\" \/>\n<meta property=\"og:site_name\" content=\"Pirotecnia das Beiras\" \/>\n<meta property=\"article:publisher\" content=\"https:\/\/www.facebook.com\/pirotecniadasbeiras.pt\" \/>\n<meta property=\"article:modified_time\" content=\"2023-05-31T13:49:14+00:00\" \/>\n<meta name=\"twitter:card\" content=\"summary_large_image\" \/>\n<script type=\"application\/ld+json\" class=\"yoast-schema-graph\">{\"@context\":\"https:\\\/\\\/schema.org\",\"@graph\":[{\"@type\":\"WebPage\",\"@id\":\"https:\\\/\\\/www.pirotecniadasbeiras.pt\\\/portal\\\/diurno\\\/\",\"url\":\"https:\\\/\\\/www.pirotecniadasbeiras.pt\\\/portal\\\/diurno\\\/\",\"name\":\"Diurno - Pirotecnia das Beiras\",\"isPartOf\":{\"@id\":\"https:\\\/\\\/www.pirotecniadasbeiras.pt\\\/portal\\\/#website\"},\"datePublished\":\"2023-03-28T21:24:23+00:00\",\"dateModified\":\"2023-05-31T13:49:14+00:00\",\"breadcrumb\":{\"@id\":\"https:\\\/\\\/www.pirotecniadasbeiras.pt\\\/portal\\\/diurno\\\/#breadcrumb\"},\"inLanguage\":\"pt-PT\",\"potentialAction\":[{\"@type\":\"ReadAction\",\"target\":[\"https:\\\/\\\/www.pirotecniadasbeiras.pt\\\/portal\\\/diurno\\\/\"]}]},{\"@type\":\"BreadcrumbList\",\"@id\":\"https:\\\/\\\/www.pirotecniadasbeiras.pt\\\/portal\\\/diurno\\\/#breadcrumb\",\"itemListElement\":[{\"@type\":\"ListItem\",\"position\":1,\"name\":\"In\u00edcio\",\"item\":\"https:\\\/\\\/www.pirotecniadasbeiras.pt\\\/portal\\\/\"},{\"@type\":\"ListItem\",\"position\":2,\"name\":\"Diurno\"}]},{\"@type\":\"WebSite\",\"@id\":\"https:\\\/\\\/www.pirotecniadasbeiras.pt\\\/portal\\\/#website\",\"url\":\"https:\\\/\\\/www.pirotecniadasbeiras.pt\\\/portal\\\/\",\"name\":\"Pirotecnia das Beiras\",\"description\":\"\",\"publisher\":{\"@id\":\"https:\\\/\\\/www.pirotecniadasbeiras.pt\\\/portal\\\/#organization\"},\"potentialAction\":[{\"@type\":\"SearchAction\",\"target\":{\"@type\":\"EntryPoint\",\"urlTemplate\":\"https:\\\/\\\/www.pirotecniadasbeiras.pt\\\/portal\\\/?s={search_term_string}\"},\"query-input\":{\"@type\":\"PropertyValueSpecification\",\"valueRequired\":true,\"valueName\":\"search_term_string\"}}],\"inLanguage\":\"pt-PT\"},{\"@type\":\"Organization\",\"@id\":\"https:\\\/\\\/www.pirotecniadasbeiras.pt\\\/portal\\\/#organization\",\"name\":\"Pirotecnia das Beiras\",\"url\":\"https:\\\/\\\/www.pirotecniadasbeiras.pt\\\/portal\\\/\",\"logo\":{\"@type\":\"ImageObject\",\"inLanguage\":\"pt-PT\",\"@id\":\"https:\\\/\\\/www.pirotecniadasbeiras.pt\\\/portal\\\/#\\\/schema\\\/logo\\\/image\\\/\",\"url\":\"https:\\\/\\\/www.pirotecniadasbeiras.pt\\\/portal\\\/wp-content\\\/uploads\\\/2023\\\/03\\\/logo_pirotecnia-1.png\",\"contentUrl\":\"https:\\\/\\\/www.pirotecniadasbeiras.pt\\\/portal\\\/wp-content\\\/uploads\\\/2023\\\/03\\\/logo_pirotecnia-1.png\",\"width\":284,\"height\":169,\"caption\":\"Pirotecnia das Beiras\"},\"image\":{\"@id\":\"https:\\\/\\\/www.pirotecniadasbeiras.pt\\\/portal\\\/#\\\/schema\\\/logo\\\/image\\\/\"},\"sameAs\":[\"https:\\\/\\\/www.facebook.com\\\/pirotecniadasbeiras.pt\"]}]}<\/script>\n<!-- \/ Yoast SEO plugin. -->","yoast_head_json":{"title":"Diurno - Pirotecnia das Beiras","robots":{"index":"index","follow":"follow","max-snippet":"max-snippet:-1","max-image-preview":"max-image-preview:large","max-video-preview":"max-video-preview:-1"},"canonical":"https:\/\/www.pirotecniadasbeiras.pt\/portal\/diurno\/","og_locale":"pt_PT","og_type":"article","og_title":"Diurno - Pirotecnia das Beiras","og_description":"DIURNO Este tipo de espet\u00e1culo \u00e9 utilizado nas tradicionais Romarias. Os artigos pirot\u00e9cnicos utilizados neste tipo de espet\u00e1culos, como sejam os tradicionais foguetes ou as balonas de tiros, s\u00e3o de fabrico pr\u00f3prio e assentam essencialmente na sonoriza\u00e7\u00e3o de alvoradas, descargas e acompanhamentos de Prociss\u00e3o. V\u00eddeos Espet\u00e1culo multim\u00e9dia. Quadro Pirot\u00e9cnico com utiliza\u00e7\u00e3o de artigos pirot\u00e9cnicos de &hellip; Continue reading \"Diurno\"","og_url":"https:\/\/www.pirotecniadasbeiras.pt\/portal\/diurno\/","og_site_name":"Pirotecnia das Beiras","article_publisher":"https:\/\/www.facebook.com\/pirotecniadasbeiras.pt","article_modified_time":"2023-05-31T13:49:14+00:00","twitter_card":"summary_large_image","schema":{"@context":"https:\/\/schema.org","@graph":[{"@type":"WebPage","@id":"https:\/\/www.pirotecniadasbeiras.pt\/portal\/diurno\/","url":"https:\/\/www.pirotecniadasbeiras.pt\/portal\/diurno\/","name":"Diurno - Pirotecnia das Beiras","isPartOf":{"@id":"https:\/\/www.pirotecniadasbeiras.pt\/portal\/#website"},"datePublished":"2023-03-28T21:24:23+00:00","dateModified":"2023-05-31T13:49:14+00:00","breadcrumb":{"@id":"https:\/\/www.pirotecniadasbeiras.pt\/portal\/diurno\/#breadcrumb"},"inLanguage":"pt-PT","potentialAction":[{"@type":"ReadAction","target":["https:\/\/www.pirotecniadasbeiras.pt\/portal\/diurno\/"]}]},{"@type":"BreadcrumbList","@id":"https:\/\/www.pirotecniadasbeiras.pt\/portal\/diurno\/#breadcrumb","itemListElement":[{"@type":"ListItem","position":1,"name":"In\u00edcio","item":"https:\/\/www.pirotecniadasbeiras.pt\/portal\/"},{"@type":"ListItem","position":2,"name":"Diurno"}]},{"@type":"WebSite","@id":"https:\/\/www.pirotecniadasbeiras.pt\/portal\/#website","url":"https:\/\/www.pirotecniadasbeiras.pt\/portal\/","name":"Pirotecnia das Beiras","description":"","publisher":{"@id":"https:\/\/www.pirotecniadasbeiras.pt\/portal\/#organization"},"potentialAction":[{"@type":"SearchAction","target":{"@type":"EntryPoint","urlTemplate":"https:\/\/www.pirotecniadasbeiras.pt\/portal\/?s={search_term_string}"},"query-input":{"@type":"PropertyValueSpecification","valueRequired":true,"valueName":"search_term_string"}}],"inLanguage":"pt-PT"},{"@type":"Organization","@id":"https:\/\/www.pirotecniadasbeiras.pt\/portal\/#organization","name":"Pirotecnia das Beiras","url":"https:\/\/www.pirotecniadasbeiras.pt\/portal\/","logo":{"@type":"ImageObject","inLanguage":"pt-PT","@id":"https:\/\/www.pirotecniadasbeiras.pt\/portal\/#\/schema\/logo\/image\/","url":"https:\/\/www.pirotecniadasbeiras.pt\/portal\/wp-content\/uploads\/2023\/03\/logo_pirotecnia-1.png","contentUrl":"https:\/\/www.pirotecniadasbeiras.pt\/portal\/wp-content\/uploads\/2023\/03\/logo_pirotecnia-1.png","width":284,"height":169,"caption":"Pirotecnia das Beiras"},"image":{"@id":"https:\/\/www.pirotecniadasbeiras.pt\/portal\/#\/schema\/logo\/image\/"},"sameAs":["https:\/\/www.facebook.com\/pirotecniadasbeiras.pt"]}]}},"_links":{"self":[{"href":"https:\/\/www.pirotecniadasbeiras.pt\/portal\/wp-json\/wp\/v2\/pages\/379","targetHints":{"allow":["GET"]}}],"collection":[{"href":"https:\/\/www.pirotecniadasbeiras.pt\/portal\/wp-json\/wp\/v2\/pages"}],"about":[{"href":"https:\/\/www.pirotecniadasbeiras.pt\/portal\/wp-json\/wp\/v2\/types\/page"}],"author":[{"embeddable":true,"href":"https:\/\/www.pirotecniadasbeiras.pt\/portal\/wp-json\/wp\/v2\/users\/2"}],"replies":[{"embeddable":true,"href":"https:\/\/www.pirotecniadasbeiras.pt\/portal\/wp-json\/wp\/v2\/comments?post=379"}],"version-history":[{"count":4,"href":"https:\/\/www.pirotecniadasbeiras.pt\/portal\/wp-json\/wp\/v2\/pages\/379\/revisions"}],"predecessor-version":[{"id":915,"href":"https:\/\/www.pirotecniadasbeiras.pt\/portal\/wp-json\/wp\/v2\/pages\/379\/revisions\/915"}],"wp:attachment":[{"href":"https:\/\/www.pirotecniadasbeiras.pt\/portal\/wp-json\/wp\/v2\/media?parent=379"}],"curies":[{"name":"wp","href":"https:\/\/api.w.org\/{rel}","templated":true}]}}